ase 8) to base 6.
-4
-110 (base 3) to base 5
-22
Convert 122 (base 5) to base 9.
41
Convert -9 (base 11) to base 16.
-9
Convert -12 (base 16) to base 12.
-16
2 (base 10) to base 5
2
What is 32 (base 9) in base 2?
11101
Convert 14a (base 12) to base 6.
534
-1 (base 15) to base 10
-1
3 (base 15) to base 5
3
Convert 23 (base 4) to base 6.
15
Convert -31 (base 5) to base 15.
-11
What is 1 (base 5) in base 12?
1
Convert 7 (base 14) to base 8.
7
What is 1 (base 15) in base 5?
1
-11 (base 14) to base 3
-120
5 (base 10) to base 9
5
5 (base 13) to base 14
5
22 (base 3) to base 14
8
Convert -2 (base 10) to base 13.
-2
Convert 323 (base 4) to base 7.
113
Convert 0 (base 2) to base 5.
0
Convert 1010001 (base 2) to base 12.
69
-49 (base 13) to base 6
-141
46 (base 15) to base 14
4a
What is -1010111 (base 2) in base 14?
-63
What is 20 (base 13) in base 2?
11010
Convert 311 (base 5) to base 6.
213
Convert -49 (base 12) to base 15.
-3c
Convert -4 (base 14) to base 10.
-4
-12 (base 3) to base 13
-5
Convert 23 (base 16) to base 6.
55
What is -20 (base 4) in base 14?
-8
What is -8 (base 13) in base 9?
-8
-37 (base 10) to base 14
-29
-24 (base 6) to base 2
-10000
1d (base 14) to base 12
23
-1012 (base 3) to base 5
-112
Convert -11 (base 9) to base 12.
-a
20 (base 7) to base 14
10
1 (base 7) to base 14
1
4 (base 11) to base 8
4
7 (base 10) to base 16
7
What is 142 (base 10) in base 9?
167
What is 0 (base 4) in base 8?
0
Convert 11 (base 2) to base 5.
3
-27 (base 10) to base 13
-21
3303 (base 4) to base 10
243
325 (base 6) to base 10
125
-22 (base 4) to base 3
-101
Convert -7 (base 11) to base 10.
-7
2021 (base 3) to base 2
111101
Convert -11 (base 4) to base 3.
-12
-22 (base 6) to base 14
-10
-5 (base 15) to base 7
-5
What is 12 (base 10) in base 11?
11
What is a6 (base 11) in base 12?
98
Convert 30 (base 9) to base 10.
27
-118 (base 10) to base 9
-141
What is 21 (base 10) in base 15?
16
Convert -5 (base 16) to base 9.
-5
What is -2 (base 16) in base 15?
-2
1b (base 15) to base 3
222
Convert -4 (base 12) to base 14.
-4
Convert -1 (base 11) to base 16.
-1
Convert -2 (base 4) to base 6.
-2
Convert -4 (base 6) to base 14.
-4
Convert 2 (base 5) to base 12.
2
What is c (base 15) in base 3?
110
Convert 25 (base 15) to base 16.
23
What is 1 (base 7) in base 2?
1
1030 (base 4) to base 11
6a
0 (base 2) to base 3
0
What is -43 (base 7) in base 16?
-1f
-3 (base 5) to base 10
-3
Convert -5 (base 7) to base 8.
-5
What is -9 (base 14) in base 12?
-9
Convert 30 (base 7) to base 11.
1a
11 (base 2) to base 11
3
What is 5 (base 16) in base 3?
12
What is -541 (base 8) in base 11?
-2a1
What is -1 (base 4) in base 9?
-1
-134 (base 5) to base 2
-101100
0 (base 3) to base 7
0
-39 (base 13) to base 10
-48
Convert -5 (base 16) to base 4.
-11
2 (base 8) to base 9
2
15 (base 14) to base 15
14
What is 4 (base 6) in base 2?
100
What is -a (base 14) in base 5?
-20
What is -1 (base 9) in base 4?
-1
What is 31 (base 5) in base 10?
16
4 (base 5) to base 6
4
50 (base 11) to base 4
313
101 (base 2) to base 6
5
-1103 (base 5) to base 15
-a3
-323 (base 5) to base 8
-130
-121 (base 3) to base 9
-17
What is 11100 (base 2) in base 5?
103
What is 100 (base 3) in base 2?
1001
What is -3 (base 10) in base 5?
-3
Convert -4b (base 16) to base 2.
-1001011
-302 (base 4) to base 14
-38
What is -18 (base 10) in base 5?
-33
What is 100110010 (base 2) in base 8?
462
Convert 22 (base 3) to base 6.
12
1 (base 16) to base 9
1
Convert 3e (base 15) to base 6.
135
Convert 10 (base 5) to base 12.
5
Convert -140 (base 5) to base 4.
-231
Convert 13 (base 10) to base 8.
15
What is 1 (base 2) in base 14?
1
What is 75 (base 8) in base 14?
45
What is -1 (base 3) in base 4?
-1
-45 (base 13) to base 11
-52
Convert 20b (base 13) to base 12.
251
1 (base 7) to base 4
1
What is 65 (base 12) in base 16?
4d
Convert 6 (base 11) to base 10.
6
Convert -3a (base 15) to base 3.
-2001
What is -101 (base 2) in base 5?
-10
2 (base 3) to base 8
2
Convert 222 (base 10) to base 12.
166
-2031 (base 5) to base 3
-100212
What is 112 (base 3) in base 10?
14
-15 (base 10) to base 9
-16
What is -5 (base 12) in base 9?
-5
1 (base 6) to base 10
1
What is 2 (base 12) in base 13?
2
c (base 15) to base 9
13
221 (base 5) to base 3
2021
-46 (base 10) to base 15
-31
What is -72 (base 8) in base 3?
-2011
17 (base 12) to base 9
21
Convert -10 (base 11) to base 15.
-b
What is -1212 (base 3) in base 16?
-32
Convert 35 (base 6) to base 13.
1a
What is -101112 (base 3) in base 14?
-164
Convert -81 (base 15) to base 6.
-321
What is 26 (base 11) in base 12?
24
What is c (base 16) in base 8?
14
-11 (base 7) to base 2
-1000
Convert -11 (base 7) to base 16.
-8
Convert 2 (base 13) to base 15.
2
What is -2 (base 14) in base 15?
-2
Convert 23 (base 11) to base 14.
1b
What is 30 (base 16) in base 15?
33
What is -124 (base 9) in base 4?
-1213
Convert 12 (base 10) to base 14.
c
Convert -7 (base 9) to base 15.
-7
-1c (base 15) to base 2
-11011
-31 (base 5) to base 8
-20
93 (base 16) to base 13
b4
-1220 (base 3) to base 5
-201
-1011 (base 2) to base 11
-10
What is -9 (base 11) in base 12?
-9
What is 266 (base 7) in base 14?
a6
-12 (base 6) to base 11
-8
Convert 325 (base 7) to base 2.
10100110
Convert 3 (base 13) to base 6.
3
What is 232 (base 4) in base 11?
42
Convert -5 (base 11) to base 15.
-5
3 (base 14) to base 3
10
10110 (base 2) to base 11
20
Convert 2 (base 12) to base 15.
2
Convert -1 (base 13) to base 2.
-1
103 (base 7) to base 10
52
Convert -42 (base 7) to base 13.
-24
Convert 123 (base 10) to base 4.
1323
Convert -159 (base 11) to base 4.
-2321
What is 7 (base 13) in base 16?
7
What is 3 (base 16) in base 10?
3
Convert 7 (base 8) to base 15.
7
Convert -75 (base 8) to base 2.
-111101
3 (base 10) to base 12
3
Convert 70 (base 14) to base 6.
242
What is e9 (base 16) in base 15?
108
What is 110 (base 2) in base 14?
6
0 (base 9) to base 12
0
What is 2001 (base 3) in base 10?
55
-a3 (base 12) to base 4
-1323
What is -166 (base 10) in base 8?
-246
What is 26 (base 13) in base 3?
1012
Convert -1 (base 8) to base 7.
-1
5 (base 7) to base 9
5
-3 (base 10) to base 5
-3
19 (base 14) to base 16
17
65 (base 10) to base 5
230
What is 1 (base 9) in base 15?
1
-24 (base 10) to base 8
-30
What is ab (base 12) in base 2?
10000011
-1 (base 2) to base 13
-1
What is 330 (base 9) in base 3?
101000
Convert 2 (base 9) to base 10.
2
What is -3 (base 15) in base 9?
-3
What is -11 (base 4) in base 10?
-5
110 (base 2) to base 10
6
-1 (base 11) to base 13
-1
-222 (base 3) to base 8
-32
0 (base 15) to base 11
0
What is 221 (base 5) in base 7?
115
Convert 44 (base 5) to base 7.
33
-2 (base 11) to base 7
-2
What is 4 (base 5) in base 3?
11
9 (base 16) to base 13
9
What is -118 (base 10) in base 7?
-226
280 (base 10) to base 15
13a
Convert 6 (base 14) to base 12.
6
What is -7 (base 15) in base 5?
-12
What is -11011101 (base 2) in base 13?
-140
What is 11102 (base 4) in base 3?
110112
Convert 1340 (base 6) to base 7.
1005
Convert 0 (base 11) to base 7.
0
Convert 7 (base 9) to base 2.
111
What is 300 (base 10) in base 13?
1a1
What is 4 (base 14) in base 10?
4
What is 102 (base 3) in base 10?
11
-116 (base 9) to base 16
-60
What is 0 (base 11) in base 6?
0
-3 (base 8) to base 14
-3
Convert -42 (base 8) to base 14.
-26
Convert 34 (base 9) to base 13.
25
1 (base 14) to base 15
1
What is 5 (base 16) in base 15?
5
What is 6 (base 15) in base 5?
11
Convert -7 (base 10) to base 12.
-7
-2 (base 4) to base 15
-2
Convert -2 (base 11) to base 14.
-2
Convert 8 (base 12) to base 3.
22
What is -1100 (base 2) in base 16?
-c
Convert 4 (base 11) to base 6.
4
What is -1101 (base 5) in base 14?
-ab
130 (base 6) to base 2
110110
What is 1a1 (base 14) in base 12?
241
34 (base 8) to base 5
103
Convert 2 (base 11) to base 16.
2
4 (base 7) to base 12
4
Convert -8 (base 14) to base 7.
-11
Convert 12 (base 3) to base 5.
10
-1011 (base 2) to base 14
-b
-3 (base 8) to base 2
-11
141 (base 6) to base 12
51
Convert 2 (base 7) to base 15.
2
Convert 3 (base 11) to base 14.
3
-3 (base 16) to base 14
-3
-100 (base 9) to base 15
-56
Convert -8 (base 11) to base 13.
-8
What is 4 (base 11) in base 10?
4
What is 25 (base 12) in base 15?
1e
-60 (base 14) to base 6
-220
-23 (base 7) to base 5
-32
Convert -11 (base 6) to base 11.
-7
-110